 prime factors of 90437516.
2, 13, 113, 15391
What are the prime factors of 55069979?
1787, 30817
What are the prime factors of 421787806?
2, 11, 431, 44483
What are the prime factors of 4369240508?
2, 47, 23240641
What are the prime factors of 7587413?
7587413
What are the prime factors of 44738679?
3, 17, 139, 6311
What are the prime factors of 450563892?
2, 3, 37546991
What are the prime factors of 137781350?
2, 5, 7, 19, 20719
List the prime factors of 143119232.
2, 97, 11527
List the prime factors of 2666224373.
457, 5834189
What are the prime factors of 3373978002?
2, 3, 47, 277, 919
What are the prime factors of 264218945?
5, 52843789
List the prime factors of 1755544996.
2, 4111, 106759
What are the prime factors of 212922048?
2, 3, 859, 1291
What are the prime factors of 473492498?
2, 149, 1588901
What are the prime factors of 66366999?
3, 101, 24337
What are the prime factors of 878439098?
2, 439219549
What are the prime factors of 115134864?
2, 3, 13, 184511
What are the prime factors of 274291506?
2, 3, 2371, 6427
List the prime factors of 138578980.
2, 5, 6928949
List the prime factors of 132370.
2, 5, 7, 31, 61
What are the prime factors of 48289604?
2, 11, 23, 47717
What are the prime factors of 5197588572?
2, 3, 11, 39375671
List the prime factors of 121022912.
2, 89, 21247
List the prime factors of 97295812.
2, 29, 838757
List the prime factors of 154127243.
103, 383, 3907
What are the prime factors of 1697036315?
5, 13, 2008327
List the prime factors of 245222308.
2, 53, 1156709
What are the prime factors of 141920876?
2, 35480219
What are the prime factors of 14731222?
2, 11, 71, 9431
List the prime factors of 330269199.
3, 13, 8468441
What are the prime factors of 5923761784?
2, 19, 38972117
List the prime factors of 25693112.
2, 3211639
What are the prime factors of 97117616?
2, 6069851
List the prime factors of 700014386.
2, 350007193
List the prime factors of 2510407402.
2, 59, 21274639
What are the prime factors of 588768818?
2, 11, 2432929
What are the prime factors of 149359863?
3, 49786621
What are the prime factors of 21431590?
2, 5, 283, 7573
What are the prime factors of 1234821424?
2, 23, 37, 3943
What are the prime factors of 602387173?
6763, 89071
List the prime factors of 1213329559.
13, 17, 233, 23563
What are the prime factors of 1841141?
1841141
List the prime factors of 3500895186.
2, 3, 829, 234613
What are the prime factors of 127087428?
2, 3, 13, 19, 53, 809
List the prime factors of 1076759644.
2, 37, 7275403
List the prime factors of 65138537.
37, 53, 59, 563
List the prime factors of 5385176.
2, 617, 1091
List the prime factors of 305481812.
2, 31, 499, 4937
List the prime factors of 1886919796.
2, 359, 1314011
What are the prime factors of 394540019?
67, 5888657
List the prime factors of 8273660.
2, 5, 413683
List the prime factors of 707987619.
3, 2087, 37693
List the prime factors of 4092002826.
2, 3, 1451, 470021
What are the prime factors of 6307035564?
2, 3, 17, 2729, 11329
What are the prime factors of 773824302?
2, 3, 43, 999773
List the prime factors of 1542466365.
3, 5, 11, 23, 406447
List the prime factors of 9356901.
3, 47, 66361
What are the prime factors of 44551650?
2, 3, 5, 11, 13, 31, 67
List the prime factors of 2610594566.
2, 19, 67, 173, 5927
What are the prime factors of 954767159?
954767159
List the prime factors of 181381183.
449, 613, 659
List the prime factors of 37313530.
2, 5, 19, 196387
What are the prime factors of 147278731?
239, 616229
What are the prime factors of 157246057?
157246057
What are the prime factors of 1300147976?
2, 3359, 48383
What are the prime factors of 1241557659?
3, 167, 227, 1213
What are the prime factors of 4664847636?
2, 3, 31, 4179971
What are the prime factors of 88898580?
2, 3, 5, 164627
List the prime factors of 194983323.
3, 64994441
What are the prime factors of 943533976?
2, 7, 11, 163, 9397
List the prime factors of 80643504.
2, 3, 71, 23663
List the prime factors of 145430780.
2, 5, 11, 661049
List the prime factors of 801348926.
2, 7, 57239209
What are the prime factors of 365088759?
3, 7, 587, 4231
What are the prime factors of 30674622?
2, 3, 11, 464767
What are the prime factors of 112407925?
5, 7, 503, 1277
List the prime factors of 1225195300.
2, 5, 7, 103, 16993
What are the prime factors of 94235598?
2, 3, 31, 281, 601
What are the prime factors of 10072868?
2, 13, 97, 1997
What are the prime factors of 2411807?
17, 141871
What are the prime factors of 29644442?
2, 14822221
List the prime factors of 1473391863.
3, 443, 13687
What are the prime factors of 2544238328?
2, 318029791
What are the prime factors of 335894187?
3, 1117, 100237
List the prime factors of 2363784365.
5, 53, 8919941
What are the prime factors of 1850465828?
2, 23, 401, 50159
What are the prime factors of 166841302?
2, 83420651
List the prime factors of 2159558180.
2, 5, 13, 8305993
What are the prime factors of 2455720537?
2455720537
List the prime factors of 159896794.
2, 4409, 18133
List the prime factors of 142501959.
3, 397, 39883
List the prime factors of 21599341.
107, 337, 599
What are the prime factors of 1167222280?
2, 5, 7, 4168651
List the prime factors of 62653385.
5, 12530677
List the prime factors of 1078403212.
2, 269600803
List the prime factors of 83040343.
83040343
What are the prime factors of 1534484598?
2, 3, 29, 1931, 4567
What are the prime factors of 4146985177?
991, 4184647
What are the prime factors of 80650694?
2, 827, 48761
What are the prime factors of 37185905?
5, 61, 121921
List the prime factors of 66745699.
179, 372881
List the prime factors of 803890301.
14071, 57131
What are the prime factors of 177971115?
3, 5, 7, 29, 211, 277
List the prime factors of 2455665.
3, 5, 31, 5281
List the prime factors of 11334651.
3, 3778217
What are the prime factors of 16183324?
2, 4045831
What are the prime factors of 82405345?
5, 11, 1498279
What are the prime factors of 149492988?
2, 3, 19, 11503
List the prime factors of 24631810.
2, 5, 7, 17, 2957
What are the prime factors of 81618412?
2, 29, 31, 22697
List the prime factors of 249427656.
2, 3, 37, 93629
What are the prime factors of 71692369?
7, 337, 30391
List the prime factors of 439071394.
2, 219535697
What are the prime factors of 1617593763?
3, 539197921
What are the prime factors of 174146713?
13, 331, 40471
List the prime factors of 1332036537.
3, 13, 2627291
What are the prime factors of 79201208?
2, 227, 43613
List the prime factors of 2229080680.
2, 5, 103, 659, 821
List the prime factors of 120683743.
83, 1454021
What are the prime factors of 272683007?
37, 509, 14479
List the prime factors of 190768317.
3, 191, 577
List the prime factors of 2038706912.
2, 11, 17, 340693
What are the prime factors of 135870382?
2, 67935191
What are the prime factors of 19676291?
2089, 9419
What are the prime factors of 962943741?
3, 691, 51613
What are the prime factors of 266832011?
3469, 76919
List the prime factors of 154235849.
17, 283, 32059
List the prime factors of 99609466.
2, 11, 953, 4751
List the prime factors of 7005298408.
2, 31, 239, 118189
What are the prime factors of 5653335471?
3, 7, 41, 53, 123887
What are the prime factors of 31084812?
2, 3, 11, 78497
List the prime factors of 1622588046.
2, 3, 103, 373, 7039
List the prime factors of 839515350.
2, 3, 5, 1249, 4481
List the prime factors of 17397286.
2, 8698643
List the prime factors of 15595406.
2, 311, 25073
List the prime factors of 1228585021.
107, 613, 18731
List the prime factors of 63323850.
2, 3, 5, 73, 5783
List the prime factors of 314008603.
37, 8486719
List the prime factors of 20603765.
5, 7, 13, 6469
List the prime factors of 816914798.
2, 7, 58351057
List the prime factors of 43517420.
2, 5, 2175871
What are the prime factors of 370308894?
2, 3, 223, 276763
What are the prime factors of 61990786?
2, 11, 13, 216751
What are the prime factors of 768194050?
2, 5, 13, 29, 83, 491
What are the prime factors of 48137308?
2, 12034327
What are the prime factors of 220726029?
3, 173, 425291
What are the prime factors of 424462752?
2, 3, 7, 311, 677
What are the prime factors of 988376470?
2, 5, 23, 4297289
What are the prime factors of 738724474?
2, 47, 7858771
What are the prime factors of 44605121?
11, 59, 6